s of k.
3
Suppose 3*x = 5*i - 4*i - 4, -2*x - i + 4 = 0. Suppose 2 = -3*z - 2*h, 2*h + 14 = 3*z - x*h. What are the prime factors of z?
2
Let z = 5 + -1. List the prime factors of z/14 - (-160)/28.
2, 3
Let h(x) = -2*x - 3. Let p = 7 - 10. Let v be h(p). Suppose q - 40 = -v*q. List the prime factors of q.
2, 5
Suppose 0 = 3*p - 3*m + 5*m - 35, 5*m - 20 = 0. Suppose 4*y + 2*v = -34, 4*v = 3*y + p + 44. Let r = 18 + y. List the prime factors of r.
7
Suppose 0 = -6*y + 10*y - 316. What are the prime factors of y?
79
Let y(z) = -4*z. Let j be y(-8). Suppose -66 = -4*p - 2*w, -5*w = 3*p - j - 28. List the prime factors of p.
3, 5
Let c = 293 + -183. List the prime factors of c.
2, 5, 11
Let l be 2*1/(4/38). Let p = -8 + l. List the prime factors of p.
11
Suppose -2*n - 10 = 0, -3*t + n + 0*n + 5 = 0. Suppose t*m - 4*m + 108 = 0. List the prime factors of m.
3
Suppose 0 = 6*y - 730 + 58. List the prime factors of y.
2, 7
Suppose -b - 7*h = -3*h + 18, 0 = 4*b - 5*h + 9. Suppose w - 11 - 7 = 0. Let s = b + w. What are the prime factors of s?
2, 3
Let r be 302/6 - 4/12. Suppose 8*m - r = 3*m. Suppose m = 3*w - 14. What are the prime factors of w?
2
Let p(q) = q**3 - 2*q**2 + 2*q + 2. Suppose -5 = -3*d + c - 2, -5*c + 7 = -4*d. List the prime factors of p(d).
2, 3
Suppose 3*f = -0*f + 99. List the prime factors of f.
3, 11
Suppose -a + 2*l + 3 = 8, 2*a - 30 = -4*l. Suppose 0 = -w + a - 4. List the prime factors of 25*w*(-14)/(-35).
2, 5
Suppose -r + 9 = -2*w, 0 = -w - 4*r + 14 - 41. Let a = w - -11. List the prime factors of a.
2
Let t be 2/(-3)*351/18. Let j = t - -33. What are the prime factors of j?
2, 5
Let s(l) = l**3 + 14*l**2 + 4*l - 24. List the prime factors of s(-13).
3, 31
Suppose g + 4*g = -4*y + 121, 3*y - 62 = 2*g. What are the prime factors of y?
2, 3
List the prime factors of (-4 + 3)/((-5)/65).
13
Let m = 151 + -90. What are the prime factors of m?
61
Let a = 64 - 44. List the prime factors of a.
2, 5
List the prime factors of (6860/(-36))/(-7) + 6/(-27).
3
Suppose 4*l = 2*i + 106, -3*l + i = 5*i - 74. What are the prime factors of l?
2, 13
Suppose 5*m + 9 + 6 = 0. Let r be 3/(6*m/(-12)). Let c = r - -3. What are the prime factors of c?
5
Suppose -3*k + 3 = 3*a, -9 = -5*k + 5*a + 6. Suppose 2*f - f = 4*j + 11, 2 = -3*j + k*f. What are the prime factors of (25 + 1)/((-8)/j)?
13
Let o(d) = -9*d**2 - 2*d - 4. Let w(m) = 9*m**2 + 3*m + 5. Let c(t) = -4*o(t) - 3*w(t). What are the prime factors of c(1)?
3
Suppose -4*i + 13 = -15. Let b = i + -3. Suppose 14 = b*v - 2*v. What are the prime factors of v?
7
Suppose k = 1 + 3. Suppose 3*o = -k*x + 105, 105 = 6*x - x - 5*o. Let l = x - 8. List the prime factors of l.
2
Let n(b) = b**2 - 4*b + 2. Let c be n(4). Suppose 2*k = k + c. Suppose -3*f + k = -4. List the prime factors of f.
2
Suppose 3*i + 5 = i - 3*t, 0 = 3*t + 9. Suppose h = -i*h - 3. Let x = 13 + h. What are the prime factors of x?
2, 3
Suppose -5*y + 123 = -97. Suppose 3*v - 9 = -5*l, -y = -4*v + 4*l - 0*l. List the prime factors of v.
2
Let d be (1 - -6)*(-22)/(-7). Let w = d - 11. What are the prime factors of w?
11
Suppose -4*v - 6 = 2*n - 834, 2*v + 5*n - 430 = 0. List the prime factors of v.
5, 41
Let s(m) = -m**2 - 6*m + 3. Let f(w) = -w**3 + 2*w. Let b be f(2). List the prime factors of s(b).
11
Let a = -42 - -90. What are the prime factors of a?
2, 3
Suppose g = 2*a - 67, -3*g = 5*a - 10*a + 167. List the prime factors of a.
2, 17
Let x = 34 - 16. Suppose -4*r - x = -42. What are the prime factors of r?
2, 3
Let p(s) = -7*s. Let v be p(-4). Let f = 40 - v. List the prime factors of f.
2, 3
Let i(d) = -d**2 - 7*d - 3. Let k be i(-6). Suppose 6 = k*a - 0. List the prime factors of a.
2
Let q be (-12)/3*(0 + -1). Let w(u) = u**2 - u + 1. What are the prime factors of w(q)?
13
Suppose 8*f - 4*f = -8. Suppose -1 = s - 5. What are the prime factors of (11/(-2))/(f/s)?
11
Suppose -3*p = -5*p - 2. What are the prime factors of (-1)/((-2)/(-14)*p)?
7
What are the prime factors of ((-36)/24)/((-6)/592)?
2, 37
Let x be (0 + 1)*2 + 1. Let d be 115/x - 1/3. Suppose 3*s - d - 28 = -5*o, -8 = -4*s. What are the prime factors of o?
2, 3
Suppose 3*a - 2*a = 45. What are the prime factors of a?
3, 5
What are the prime factors of (-1)/(-2) + (-604)/(-8) + 4?
2, 5
Let f(t) = 2*t**2 - t + 3. List the prime factors of f(3).
2, 3
Let j(p) = p**2 + 2*p - 1. Let c be -3 - -3 - (-6)/(-2). Let x be j(c). What are the prime factors of (4/x)/((-2)/(-3))?
3
Let l(s) = -3*s + 7. Let y(b) = 14*b - 35. Let f(z) = -11*l(z) - 2*y(z). What are the prime factors of f(5)?
2, 3
Let c be 10*(5/2 + 1). Suppose -3 = -j, q + 5*j - c = -0*q. List the prime factors of q.
2, 5
Suppose 0 = 2*i + 3*j - 82, 6*i - 74 = 4*i - 5*j. List the prime factors of i.
47
Let n(u) = -37*u**3 - 2*u**2 + 2*u. Let k(l) = -56*l**3 - 3*l**2 + 3*l. Let f(x) = 5*k(x) - 8*n(x). List the prime factors of f(1).
2
Suppose 0 = 14*t - 3*t - 3355. What are the prime factors of t?
5, 61
List the prime factors of ((-78)/3 + -3)*-1.
29
Suppose -w = -4*g + g + 12, 12 = -3*w + 3*g. Suppose -63 = -5*n - 3*c, -2*n + 7*n - 4*c - 56 = 0. Let s = n - w. What are the prime factors of s?
2, 3
Let x = 13 + -6. Suppose x*u - 2*u = 150. List the prime factors of u.
2, 3, 5
Let g be 2/((-2)/(-2))*-2. Let n be 4/(-2) - g/1. Suppose -n*d - 2 = -3*d. What are the prime factors of d?
2
Let g = 22 + -13. Suppose -4*f + f = -g. List the prime factors of f.
3
Let u(f) = -f**3 - f**2 - f + 1. Let b(w) = -5*w**2 - 10*w + 9. Let i(l) = b(l) - u(l). List the prime factors of i(6).
2, 13
Suppose 0*k + 3*k - 309 = -4*i, 156 = 2*i + 2*k. What are the prime factors of i?
3, 5
Suppose -4*h - 3*b - 5 = -45, 5*b = h - 33. Let x = 3 - -4. What are the prime factors of h/(-2)*(-14)/x?
13
Suppose 12*q = 9*q + 429. List the prime factors of q.
11, 13
Let a(c) = -c**3 - 5*c**2 - 2*c + 1. Let s(x) = -2*x**2 + 3*x + 4. Let k be s(3). What are the prime factors of a(k)?
11
Suppose 4*q - 9 = 11. Suppose 3*a - q*a + 6 = 0. What are the prime factors of a?
3
Suppose 3*u + 54 = -0*u. Suppose 5*k - 2*s = -99 + 257, 0 = 3*k + 2*s - 98. Let x = u + k. List the prime factors of x.
2, 7
Let j = -829 - -1226. List the prime factors of j.
397
Let d be ((-4)/(-3))/((-8)/(-12)). Suppose 16 = 2*z + d*z. Suppose -z*g + 9 = -11. List the prime factors of g.
5
Suppose 4*u + 25 = -23. Let o(x) = -x**3 - 13*x**2 - 13*x - 6. List the prime factors of o(u).
2, 3
Let u be ((-2)/(-4))/((-3)/(-270)). Let o = 64 - u. What are the prime factors of o?
19
Suppose 0 = v - 3*v - 8, -5*m = v - 11. Suppose s + p = -m, -3*p - p = 4. What are the prime factors of 2*(s + (-14)/(-4))?
3
Let r(g) = g - 17. Let w be r(12). Let p(z) = -z**3 - 4*z**2 + 7. What are the prime factors of p(w)?
2
Let o(l) = -l**3 - l - 43. Let i be o(0). Let v = i + 89. List the prime factors of v.
2, 23
Suppose -s + 389 = 2*w, -2*w + s + 29 = -370. What are the prime factors of w?
197
Suppose 9*s - 3*k = 6*s + 453, 4*k - 171 = -s. What are the prime factors of s?
5, 31
Suppose -y + 2*l = -12, -20 = -y + 7*l - 3*l. Let a(i) = i + 6. Let w(c) = -2*c - 13. Let j(x) = 9*a(x) + 4*w(x). List the prime factors of j(y).
2, 3
Let b be 1/2 - 11/2. Let t(w) = -w**3 - 7*w**2 - 4*w + 7. Let m be t(b). Let p = m + 37. What are the prime factors of p?
2, 7
Let a(b) = 11*b + 3. What are the prime factors of a(2)?
5
Suppose s - 5 = 0, -131 = -5*z + 3*z - 5*s. What are the prime factors of z?
53
Suppose 0 = -n - 1 - 2. List the prime factors of 14/(-6)*n - -2.
3
Let l(n) = -n**2 + 6*n - 1. Let j be l(5). List the prime factors of j/16 + 94/8.
2, 3
Let z be (-10)/4*(-2)/(-1). Let d = z - -7. List the prime factors of 2/(-4)*(d + -20).
3
Let q be (-3)/7 + 219/21. Suppose 3*k - q = 5. Suppose k*j + 6 = -2*f, 2*f - 2*j + 0 = 22. List the prime factors of f.
7
Let s(w) = -w**3 + 9*w**2 + 3. List the prime factors of s(9).
3
Suppose 0 = -3*a + 4*g + 271 + 27, -4*g + 454 = 5*a. List the prime factors of a.
2, 47
Let x = -176 + 276. List the prime factors of x.
2, 5
Let u(l) = l**3 - 11*l**2 + 5*l + 15. What are the prime factors of u(11)?
2, 5, 7
Let d be 3 - 2/(-4)*-2. Suppose -5*a = d*y + 4, -4*y + 10 = 5*a - 4*a. Suppose -y*s = 4*g - 62 + 11, -2*g = -s + 27. What are the prime factors of s?
3, 7
What are the prime fac